?
126
Let f(n) = 79*n - 2315. What is f(29)?
-24
Let u(x) = x**2 - 5319*x - 420922. Determine u(-78).
44
Let m(q) = 6*q**2 + 2302*q + 68813. Give m(-351).
17
Let c(h) = 7*h**2 - 360*h + 3037. Give c(47).
1580
Let c(j) = -j**2 + 340*j - 9253. What is c(30)?
47
Let u(x) = 2*x**2 - 2899. Give u(39).
143
Let n(o) = -3210*o + 157646. Give n(49).
356
Let d(c) = 1094875*c + 1094918. Determine d(-1).
43
Let r(n) = n**2 - 2546*n - 172400. Calculate r(-66).
-8
Let k(f) = -f**3 - 24*f**2 + 16*f - 146. Calculate k(-26).
790
Let l(j) = -3*j**2 + 3142*j - 353817. Give l(919).
-2
Let u(j) = 7*j**2 - 1004*j - 25. What is u(143)?
-454
Let w(o) = -18*o**3 - 14*o**2 - 53*o - 23. Give w(-4).
1117
Let q(f) = 356*f**2 + 3883*f - 10. Give q(-11).
353
Let c(i) = -49*i**2 - 532*i + 2694. What is c(5)?
-1191
Let t(d) = -d**3 - 2*d**2 + 2716*d + 8139. Calculate t(-3).
0
Let w(b) = 2*b**3 + 15*b**2 - 391*b + 1549. What is w(4)?
353
Let z(l) = 64*l**2 - 1180*l + 4777. What is z(6)?
1
Let q(u) = 5*u**3 - 142*u**2 + 229*u - 4847. Give q(28).
-3
Let q(t) = 74*t**3 + t**2 + 2086*t - 4184. Determine q(2).
584
Let p(m) = 4*m**2 + 92*m + 91. Calculate p(-27).
523
Let o(a) = 2*a**3 - 19*a**2 + 149*a - 2002. What is o(11)?
0
Let h(t) = t**3 - 35*t**2 - 621*t + 33. Calculate h(-13).
-6
Let m(v) = -25*v - 1167. Calculate m(-62).
383
Let k(u) = -1930*u - 3816. Determine k(-2).
44
Let s(t) = -13*t**3 + 620*t**2 + 218*t - 1228. What is s(48)?
20
Let f(p) = p**3 + 29*p**2 - 42*p + 1248. Calculate f(-31).
628
Let j(f) = f**3 + 40*f**2 - 101*f - 575. Give j(-42).
139
Let t(h) = -2366*h + 14100. Calculate t(6).
-96
Let j(q) = -298*q + 1431. Give j(3).
537
Let s(c) = 5478*c - 306815. What is s(56)?
-47
Let u(n) = 22*n**2 + 20*n - 109. Give u(0).
-109
Let v(r) = -3*r**2 - 518*r - 8349. Calculate v(-18).
3
Let u(s) = -14761*s + 58212. Calculate u(4).
-832
Let a(l) = l**2 + 2993*l + 431943. Give a(-152).
111
Let p(z) = 10004*z + 20375. Give p(-2).
367
Let c(u) = u**3 + 13*u**2 - 219*u - 2842. Calculate c(-15).
-7
Let x(q) = -1057*q - 598262. Give x(-566).
0
Let g(k) = k**3 + 4559*k**2 - 91622*k + 866. Give g(20).
26
Let j(a) = 108*a + 17820. What is j(-196)?
-3348
Let y(m) = -18*m**2 - 8824*m - 26497. Calculate y(-3).
-187
Let l(k) = 2*k**3 + 88*k**2 - 13*k + 664. Calculate l(-45).
-2801
Let b(h) = h**3 + 69*h**2 - 154*h - 1560. Give b(-71).
-708
Let l(t) = -34243*t - 239688. Give l(-7).
13
Let i(s) = -s**2 - 11463*s - 559310. Determine i(-49).
-24
Let y(n) = 3*n**2 + 119*n - 31787. Give y(85).
3
Let r(q) = -37*q**2 - 224*q + 452. Determine r(2).
-144
Let d(i) = -42*i**2 + 402*i + 1. What is d(10)?
-179
Let l(i) = 4518*i - 4258. Calculate l(1).
260
Let w(p) = 1719*p**2 - 3146*p + 3148. Calculate w(1).
1721
Let i(j) = -1695*j**2 - 3628*j + 8. Give i(-2).
484
Let c(f) = 41*f**2 + 297*f + 282. Calculate c(-1).
26
Let u(b) = -240*b + 8540. Calculate u(30).
1340
Let x(l) = -3*l**3 + 8*l**2 - 17*l - 42. Calculate x(8).
-1202
Let m(j) = 470*j - 56781. What is m(121)?
89
Let n(y) = -312217*y + 2185525. Calculate n(7).
6
Let q(x) = -28*x**2 - 276*x - 477. What is q(-4)?
179
Let s(k) = -7162*k + 50013. What is s(7)?
-121
Let g(s) = -17*s**2 - 249*s + 93. Determine g(-7).
1003
Let z(j) = -1335*j**2 + 2511142*j - 13163. Calculate z(1881).
4
Let o(j) = -221*j + 32578. What is o(149)?
-351
Let t(z) = z**3 + 114*z**2 + 383*z + 31281. Determine t(-113).
771
Let z(o) = 596*o - 16714. Determine z(28).
-26
Let b(s) = -6562*s + 4652464. Calculate b(709).
6
Let x(k) = 366*k - 49420. What is x(135)?
-10
Let t(z) = -13*z**2 - 501*z - 1392. What is t(-3)?
-6
Let j(o) = -o**3 + 48*o**2 + 256*o - 10021. Give j(49).
122
Let l(f) = -f**3 + 58*f**2 - 238*f + 7423. Determine l(56).
367
Let s(x) = -35*x**2 + 51*x - 48. What is s(2)?
-86
Let f(g) = g**3 + 19*g**2 + 77*g + 1053. Give f(-18).
-9
Let d(o) = o**2 - 60*o - 204. Determine d(8).
-620
Let x(o) = 2*o**3 + 93*o**2 - 38*o + 367. Give x(-47).
-56
Let y(w) = 36*w**3 + 9145*w**2 + 252*w - 501. Give y(-254).
7
Let l(q) = -q**3 + 9*q**2 - 67*q + 570. What is l(9)?
-33
Let l(r) = -75423*r + 603385. Calculate l(8).
1
Let j(d) = -2*d**2 - 971*d - 45453. Give j(-52).
-369
Let s(o) = 76642*o + 2222636. Calculate s(-29).
18
Let d(l) = 2*l**2 - 1411*l + 63136. Calculate d(48).
16
Let a(p) = -26891*p - 403319. What is a(-15)?
46
Let t(b) = -1998*b + 147832. Give t(74).
-20
Let d(c) = 2*c**2 + 65433*c + 4700780. What is d(-72)?
-28
Let w(s) = 5*s**2 + 2954*s - 11903. Determine w(4).
-7
Let c(f) = -32*f**2 - 1716*f + 790. What is c(-54)?
142
Let v(j) = -145324*j + 2906531. What is v(20)?
51
Let t(d) = -d**3 - 629*d**2 + 3153*d - 10790. Calculate t(-634).
-12
Let v(o) = o**3 - 221*o**2 - 435*o - 2585. Calculate v(223).
-132
Let a(p) = -2*p**2 - 21*p + 62429. Calculate a(-182).
3
Let w(a) = 51748*a - 465409. Determine w(9).
323
Let d(o) = o**2 + 4527*o + 373216. What is d(-84)?
4
Let p(y) = -y**3 + y**2 - 299*y + 1554. What is p(5)?
-41
Let n(l) = l**3 - 268*l**2 - 541*l - 1352. What is n(270)?
-1622
Let k(t) = 7*t**3 - 170*t**2 + 600*t - 2. What is k(20)?
-2
Let y(h) = -22*h**2 + 44*h - 292. What is y(7)?
-1062
Let q(g) = 1014491*g + 6086943. What is q(-6)?
-3
Let o(j) = j**3 + 401*j**2 - 15253*j - 202. Give o(35).
43
Let g(x) = 92*x**3 - 27*x**2 + 5*x - 15. What is g(3)?
2241
Let t(i) = i**3 + 63*i**2 - 683*i + 2903. Determine t(-73).
-528
Let y(m) = -m**3 + 86*m**2 - 49*m - 4556. Give y(85).
-1496
Let c(l) = -2*l**3 - 731*l**2 - 1804*l + 6195. Calculate c(-363).
2202
Let k(y) = -y**2 + 171*y + 3021. Determine k(-16).
29
Let k(j) = -j**2 + 23240*j - 441203. Give k(19).
-4
Let u(r) = -1089*r - 291837. Calculate u(-268).
15
Let b(w) = -2*w**2 + 3443*w - 183330. Determine b(55).
-15
Let u(j) = j**3 - 169*j**2 - 812*j - 10172. Calculate u(174).
-80
Let i(j) = 486*j - 57339. What is i(110)?
-3879
Let k(c) = 5*c**2 - 103*c - 228. What is k(12)?
-744
Let j(s) = 51*s**2 + 3*s - 45. Calculate j(-1).
3
Let m(g) = 83*g**2 - 5970*g - 393. Calculate m(72).
39
Let y(w) = -w**3 + 42*w**2 - 464*w + 352. Calculate y(23).
-269
Let n(r) = -r**2 - 5432*r + 54404. What is n(10)?
-16
Let l(z) = -718*z - 277117. What is l(-386)?
31
Let k(n) = -n**3 + 153*n**2 - 187*n + 5071. Determine k(152).
-249
Let t(q) = -2*q**2 + 2855*q + 22898. Give t(-8).
-70
Let z(t) = -615*t - 21449. Determine z(-35).
76
Let i(k) = 383*k**3 - 32*k**2 - 63*k + 65. Calculate i(1).
353
Let m(t) = -65938*t + 10352271. Give m(157).
5
Let m(k) = 2*k**2 - 30376*k + 1030471. Calculate m(34).
-1
Let x(f) = -614*f**2 + 5528*f - 67. Calculate x(9).
-49
Let x(u) = u**2 - 80863*u + 8882816. Give x(110).
-14
Let r(g) = 36*g**2 + 941*g - 742. What is r(-27)?
95
Let j(s) = -5*s**2 + 6*s + 1799. Determine j(20).
-81
Let u(c) = 2*c**3 - 55*c**2 - 362*c + 255. Calculate u(-6).
15
Let x(r) = 16*r - 1492. Give x(96).
44
Let x(y) = 19*y**3 - 10*y**2 - 70*y - 293. Calculate x(-4).
-1389
Let j(z) = z**3 - 4*z**2 - 1071*z + 10393. What is j(10)?
283
Let g(n) = n**3 - 30*n**2 - 251*n + 8738. Calculate g(19).
-2
Let l(g) = -96*g**3 + 21023*g**2 + 219*g - 20. Give l(219).
-20
Let d(h) = 20267*h - 121595. Give d(6).
7
Let b(x) = 25*x**2 - 844*x + 7020. Determine b(19).
9
Let q(c) = -15764*c + 94596. What is q(6)?
12
Let v(t) = 122*t - 8291. Calculate v(70).
249
Let r(p) = 3*p**3 + 158*p**2 + 86*p - 913. Calculate r(-52).
23
Let r(b) = -285572*b + 1713351. Calculate r(6).
-81
Let h(q) = -2*q**2 - 81465*q + 244382. What is h(3)?
-31
Let s(b) = b**3 + 8*b**2 + 769*b + 7017. Determine s(-9).
15
Let m(l) = -3979*l + 1229502. Give m(309).
-9
Let z(s) = 37440*s - 673918. What is z(18)?
2
Let z(f) = 12*f**3 + 289*f**2 + 777*f - 3. Calculate z(-3).
-57
Let d(x) = -20108*x - 4644945. What is d(-231)?
3
Let s(v) = -15*v**2 - 2305*v - 68209. Calculate s(-40).
-9
Let o(s) = 213*s + 20848. Calculate o(-115).
-3647
Let r(y) = -329*y - 1455. What is r(0)?
-1455
Let r(k) = -58617*k + 410379. Give r(7).
60
Let w(c) = -31*c**3 - 1690*c**2 - 4056*c - 101. Determine w(-52).
-101
Let g(f) = 115*f**2 - 88209*f + 2928. What is g(767)?
-140
Let p(b) = 6*b**2 + 1984*b - 4668. What is p(-333)?
-6
Let s(c) = 1107*c - 8111. Give s(7).
-362
Let h(t) = 7557*t - 528591. Calculate h(70).
399
Let h(z) = 201*z - 12564. Determine h(66).
702
Let k(g) = -g**2 - 48*g + 162. What is k(-29)?
71